{"id":2,"date":"2015-03-10T19:56:57","date_gmt":"2015-03-10T18:56:57","guid":{"rendered":"http:\/\/ansoraahautenormandie.fr\/?page_id=2"},"modified":"2023-03-24T12:15:09","modified_gmt":"2023-03-24T11:15:09","slug":"page-d-exemple","status":"publish","type":"page","link":"https:\/\/ansoraaenormandie.fr\/?page_id=2","title":{"rendered":"Bureau"},"content":{"rendered":"<p><em><strong>COMPOSITION DU BUREAU<\/strong>\u00a0<strong>du Groupement Normandie<\/strong>\u00a0(A l&rsquo;issue des Elections lors de l&rsquo;AGO du 18 mars 2023)<\/em><\/p>\n<blockquote>\n<ul>\n<li><strong>Pr\u00e9sident<\/strong> : MAJ\u00a0(H)\u00a0<em><strong>DUMORTIER\u00a0<\/strong><\/em>Jacques<\/li>\n<li><strong>Secr\u00e9taire<\/strong> : MAJ (H)\u00a0<em><strong>DELROISE<\/strong><\/em><em>\u00a0Jean<\/em><\/li>\n<li><strong>Tr\u00e9sorier<\/strong> : MAJ (H)\u00a0<em><strong>MESNILDREY\u00a0<\/strong><\/em>Herv\u00e9<\/li>\n<\/ul>\n<\/blockquote>\n<p>\u00c9tant donn\u00e9 que vous \u00eates un nouvel utilisateur de WordPress, vous devriez vous rendre sur votre <a href=\"http:\/\/ansoraahautenormandie.fr\/wp-admin\/\">tableau de bord<\/a> pour effacer la pr\u00e9sente page, et cr\u00e9er de nouvelles pages avec votre propre contenu. Amusez-vous bien !<\/p>\n","protected":false},"excerpt":{"rendered":"<p>COMPOSITION DU BUREAU\u00a0du Groupement Normandie\u00a0(A l&rsquo;issue des Elections lors de l&rsquo;AGO du 18 mars 2023) Pr\u00e9sident : MAJ\u00a0(H)\u00a0DUMORTIER\u00a0Jacques Secr\u00e9taire : MAJ (H)\u00a0DELROISE\u00a0Jean Tr\u00e9sorier : MAJ (H)\u00a0MESNILDREY\u00a0Herv\u00e9 \u00c9tant donn\u00e9 que vous \u00eates un nouvel utilisateur de WordPress, vous devriez vous rendre sur votre tableau de bord pour effacer la pr\u00e9sente page, et cr\u00e9er de nouvelles pages avec votre propre contenu. Amusez-vous<\/p>\n","protected":false},"author":1,"featured_media":0,"parent":36,"menu_order":0,"comment_status":"open","ping_status":"open","template":"","meta":{"footnotes":""},"class_list":["post-2","page","type-page","status-publish","hentry"],"_links":{"self":[{"href":"https:\/\/ansoraaenormandie.fr\/index.php?rest_route=\/wp\/v2\/pages\/2","targetHints":{"allow":["GET"]}}],"collection":[{"href":"https:\/\/ansoraaenormandie.fr\/index.php?rest_route=\/wp\/v2\/pages"}],"about":[{"href":"https:\/\/ansoraaenormandie.fr\/index.php?rest_route=\/wp\/v2\/types\/page"}],"author":[{"embeddable":true,"href":"https:\/\/ansoraaenormandie.fr\/index.php?rest_route=\/wp\/v2\/users\/1"}],"replies":[{"embeddable":true,"href":"https:\/\/ansoraaenormandie.fr\/index.php?rest_route=%2Fwp%2Fv2%2Fcomments&post=2"}],"version-history":[{"count":15,"href":"https:\/\/ansoraaenormandie.fr\/index.php?rest_route=\/wp\/v2\/pages\/2\/revisions"}],"predecessor-version":[{"id":2923,"href":"https:\/\/ansoraaenormandie.fr\/index.php?rest_route=\/wp\/v2\/pages\/2\/revisions\/2923"}],"up":[{"embeddable":true,"href":"https:\/\/ansoraaenormandie.fr\/index.php?rest_route=\/wp\/v2\/pages\/36"}],"wp:attachment":[{"href":"https:\/\/ansoraaenormandie.fr\/index.php?rest_route=%2Fwp%2Fv2%2Fmedia&parent=2"}],"curies":[{"name":"wp","href":"https:\/\/api.w.org\/{rel}","templated":true}]}}